. Suppose -2*l + q = -l. Suppose -l*k + 122 = 4*v, k + 22 + 10 = v. Is v a composite number?
False
Is (-6)/4 + (-1001)/(-26) prime?
True
Let s(g) = 11*g - 11. Is s(12) a prime number?
False
Let a = 133 + 16. Is a a prime number?
True
Is (4083/6)/((-2)/(-4) + 0) a prime number?
True
Suppose 12 = 3*k - 3. Suppose -11 - 9 = -k*o. Suppose -8*u = -3*u - 2*z - 39, -3*u + o*z = -15. Is u composite?
True
Suppose 117 + 910 = l. Suppose -g - 48 = -l. Is g prime?
False
Let s(k) = 3 - 3 - 7*k. Let a(w) = -w**2 - 8*w - 10. Let t be a(-7). Is s(t) prime?
False
Let q = 73 - -1576. Is q prime?
False
Let o = 176 + -118. Is o prime?
False
Let t be -1 - (-119 - 2/1). Suppose -188 = -3*h - 2*b, -2*b - 2*b = -2*h + t. Suppose 3*c - 49 - h = 0. Is c a composite number?
False
Let a(z) be the third derivative of z**4/24 - z**3/2 - z**2. Let h be a(7). Is 2*h*1 + -2 prime?
False
Suppose -5*c + 27 = -2*f + 5*f, 4*c = -5*f + 32. Is (124/2)/(6 - f) prime?
True
Let m be -7 - 5/((-10)/(-4)). Let j = m + 13. Is (-4)/8 - (-222)/j composite?
True
Let c be -9*1/3*1. Let w(y) be the third derivative of y**5/20 + y**4/12 + 2*y**3/3 + y**2. Is w(c) a composite number?
True
Let l(m) = 0*m + 0*m + m + 4 + 0*m. Let a(i) = -2*i - 5. Let s be a(-6). Is l(s) a prime number?
True
Suppose -3*m + 0*m = 0. Let n(o) = o**3 + o + 365. Is n(m) a composite number?
True
Suppose -b + 4*q = 3*b - 504, -4*b = -5*q - 508. Is b a prime number?
False
Suppose -2*x - x - 6 = 0, 8 = -2*p - 4*x. Suppose -2*z + p*z + 3*l = -2, -4*l + 2 = -5*z. Is (-2 - (z - 39)) + -2 prime?
True
Suppose -1089 + 315 = -3*s + b, -529 = -2*s + 5*b. Is s a prime number?
True
Let z be ((-6)/(-10))/((-1)/(-5)). Suppose 0 = -3*j + 4*x - 13, -3*j + 0*x + 15 = z*x. Is -69*(j - 16/6) composite?
True
Let a be 2/6 + 2/(-6). Let w(j) = a*j - 1 + 25*j + 117*j - 2*j. Is w(3) composite?
False
Is 1 - 180*((-21)/(-9) + -3) a prime number?
False
Let b(s) = -10*s - 7 + s + 0*s. Suppose 0 = -4*o - 0*r + 2*r - 50, o - r + 15 = 0. Is b(o) prime?
True
Let x(g) = g**2 + g + 2. Let q be x(0). Is (8/12)/(q/147) composite?
True
Suppose 0 = -9*y + 1167 - 213. Is y prime?
False
Let y(t) = t - 7. Let w be y(9). Let v be 4/(-10) - w/(-5). Suppose 0 = -v*u - 2*u + 74. Is u a composite number?
False
Let u(n) be the third derivative of 13*n**5/60 + n**4/24 - n**3/6 + n**2. Let c(b) = b + 4. Let a be c(-1). Is u(a) composite?
True
Suppose -4*r + 14 = 2*y, 2 = -y + 3*y - 2*r. Suppose y*d - 3*l = 186, -5*l - 11 = d - 55. Is d a prime number?
True
Suppose 2*o + g - 760 = -0*o, 5*o - 1887 = 4*g. Is o prime?
True
Suppose -2*w + 4*w = 0. Let f(s) = s + 35. Is f(w) a prime number?
False
Let h(u) = -1 + 0*u + 10*u + 3*u. Suppose -3 = 2*w + 1, -2*t - 5*w + 2 = 0. Is h(t) a composite number?
True
Let u(v) = -16*v - 17*v + 11*v. Is u(-1) composite?
True
Is (-47)/(4 - 265/65) prime?
False
Let h(c) = -c**3 - 9*c**2 - 10*c - 12. Let y be h(-8). Suppose 3*z = y*q + 139, -3*z + 157 = -3*q + 8*q. Is z prime?
False
Let a(o) = 5*o**2 + o**3 + 1 - o**2 - o - o**2 - 4*o**2. Let y be a(0). Is 22 + y*(-3)/1 a composite number?
False
Let g = 592 + -391. Is g composite?
True
Let t = -4 - -6. Let v(l) = 0*l**2 - 7 + 3*l**2 + l - 2*l - 2*l**t. Is v(-6) prime?
False
Let i(g) = g**2 - g + 3. Is i(-3) a prime number?
False
Let u = 540 - 281. Is u a prime number?
False
Let r(g) = g**3 - 3*g**2 - 3*g. Let s be r(4). Let l = 0 + s. Let i(k) = 5*k - 1. Is i(l) a composite number?
False
Suppose 4*r - 356 = -5*t, t = -t. Is r composite?
False
Let u = 405 + 4. Is u prime?
True
Let t(y) = 0 + 2 + y + 8*y**2 - 1 + 2*y**2. Is t(-2) prime?
False
Suppose 0 = 2*w - 535 - 625. Suppose 4*v = 3*v - 2*q - 119, 5*v - 5*q = -w. Let r = -64 - v. Is r prime?
True
Let b = 4 - 8. Is (-87 + 1)*2/b a prime number?
True
Let b(g) = -g**3 + 3*g**2 - 2. Let s be b(2). Let f(j) be the third derivative of 19*j**4/12 + j**3/6 + j**2. Is f(s) a composite number?
True
Let d(m) = -m**3 + 4*m**2 + 5*m + 2. Let i be d(5). Suppose 1 = 3*n - i. Is ((-5)/1)/(n/(-3)) composite?
True
Suppose 4*t = 2*x + t - 13, 2 = 4*x + 2*t. Suppose x*z - 801 = 103. Suppose 0*c = -4*c + z. Is c composite?
False
Let m = 222 + -137. Suppose -5*c = b - 386, -2*c - 5*b + 74 + m = 0. Suppose 2*a - 3*a = -c. Is a a prime number?
False
Suppose -2*t + 51 = -3*y + 4*y, 5*y + 57 = 2*t. Suppose k - 36 = -0*k. Suppose -2*n + k = -t. Is n a prime number?
True
Let i = 1051 - 378. Is i prime?
True
Let p be 0 + (1 - (-7 + -2)). Let j = p - 10. Suppose 2*k - 246 = -j*k. Is k prime?
False
Suppose -d + v + 3*v + 143 = 0, -401 = -3*d + 5*v. Is d composite?
False
Let f(d) = d - 13. Let i be f(12). Is (-26)/((-62)/58 - i) prime?
False
Suppose 2*j = 4565 + 10133. Is j prime?
True
Suppose -52 - 135 = -o. Is o composite?
True
Is 1050/12 - 2/((-12)/9) a prime number?
True
Let y = -7 + 11. Suppose 0 = -y*m + 33 + 59. Is m composite?
False
Is (-2)/(3 - (-3)/(1986/(-1990))) prime?
True
Suppose 4*w + 2*n = 6*n + 2072, -2*w - 4*n = -1054. Is w a composite number?
False
Let s = -7 - -12. Suppose -2*x + 20 = 3*x. Suppose -x*y + 4*z + 516 = 0, -z + 120 = y - s. Is y composite?
False
Suppose 3*w + y + 20 = 5*y, 4*y - 20 = 0. Suppose w = 5*c - 4*u - 134, 5*u + 83 = 6*c - 3*c. Is c composite?
True
Let x = 592 - -49. Is x a prime number?
True
Suppose -a - 24 = -5*k, -4*a - 8 - 3 = -3*k. Suppose -2*j = -w - 248, -6*j + 3*w = -j - 620. Suppose 2*y - 173 = -k*o + 2*o, -2*o = -3*y - j. Is o composite?
False
Suppose 3*y - 2*h + 95 = 685, 4*y + 2*h = 768. Is y + -1 - (1 - -1) a prime number?
True
Let z = 1351 + -882. Is z composite?
True
Suppose 18*p - 4036 = 14*p. Is p prime?
True
Suppose 3*c - 8 = -2*j, -4*j + 13 = 3*c + 3. Is j/(-3) - 238/(-3) composite?
False
Suppose -3*p + p = -8. Suppose 7*g = p*g + 6. Suppose -5*a = 3*r - 647, -5*r + 1051 = -g*a + 14. Is r a prime number?
False
Suppose -5*a + 2*r + 2690 = 7*r, -3*a + r = -1602. Is a a prime number?
False
Let f = -92 - -672. Let b = f + -401. Is b a composite number?
False
Let p = 21 + -20. Is 4/2 + (338 - p) composite?
True
Let c = -13 + 24. Let n = -9 + c. Suppose 0 = 4*k - n*k - 238. Is k a composite number?
True
Is 2*(-15)/10 - (-116)/1 a prime number?
True
Let c(j) = j**2 + 7*j - 8. Let l be c(-6). Is 302/14 + (-6)/l composite?
True
Suppose -392 - 116 = -4*y. Is y prime?
True
Let w = -884 + 1363. Is w composite?
False
Let r(b) = 2*b + 5. Let v be r(-4). Let c = -60 + 90. Let q = c - v. Is q a composite number?
True
Let d(h) = -h**3 - 2*h**2 + 2*h. Let p be d(-3). Suppose 0 = p*v - 5*q - 292, 5*v - 13 - 412 = -4*q. Is v prime?
True
Let n = -182 + 309. Is n composite?
False
Let g be (5 - (-2 - 0))*-9. Is (0 - 0 - g) + 2 a composite number?
True
Suppose 5260 = 4*t - u, 4*t + 8*u - 3*u = 5260. Is t a composite number?
True
Let s(f) = -f**3 - f**2 + 7*f + 2. Is s(-5) prime?
True
Let f(d) = -d**3 + 11*d**2 - 2*d + 11. Let b = 20 - 10. Is f(b) a prime number?
False
Suppose -13*j + 15732 = 2173. Is j a prime number?
False
Let z = 5 - 1. Suppose 0*d = -z*d + 132. Is d prime?
False
Suppose -4*h + 4862 = 3*x - 0*x, 0 = h + 5*x - 1224. Suppose h = 4*j + 410. Is j a prime number?
False
Let h = 590 - 213. Is h a prime number?
False
Is 93 - (3 + 1 - 8) a prime number?
True
Suppose 5 = -4*h + 13. Suppose -5*j + 33 = -2*k, -3*j + h*k + 15 = -8. Suppose -j*c = 384 - 1019. Is c prime?
True
Suppose 5*p + 453 = 4*r + 77, 2*r - 2*p - 186 = 0. Is r a composite number?
False
Suppose -b + 861 = 6*b. Is b composite?
True
Suppose -c = -5*m + 1, 8*c - 3*c - 2*m = 64. Is c a composite number?
True
Suppose 884 = -5*r + x + 4812, 5*x = -2*r + 1555. Is r prime?
False
Let f = -634 - -1379. Suppose -7*o = -2*o - f. Is o prime?
True
Let l = 0 + 0. Suppose -3*w - 18 = -l*w. Is (-92)/6*(w - -3) a prime number?
False
Let p = -91 + 51. Let f = p + 127. Is f composite?
True
Suppose -s - 6*s + 469 = 0. Is s prime?
True
Suppose -125 = -5*v + 130. Suppose 3*a + 5*c = v, -2*a - 3*c = -7*a + 119. Is a composite?
True
Let d(y) = y**2 + 6*y + 6. Let k be d(-5). Let g = 4 - k. Suppose g*f - f - 178 = 0. Is f a prime number?
True
Let y(d) = 3 + 4*d**3 + d**2 + 0*d**3 - 5*d**3. Let f be y(0). Suppose 3*g = -f*s + 54, 97 = -2*g + 7*g - 2*s. Is g prime?
True
Let c be 1 - (-3)/((-3)/13). Let y be 20/c + (-2)/(-3). Is (-6)/(-1 - (y - -2)) composite?
False
Let q(z) = -z + 8.